{"id":270,"date":"2026-02-12T22:33:17","date_gmt":"2026-02-12T19:33:17","guid":{"rendered":"https:\/\/blogs.e-me.edu.gr\/hive-9oNikaias-SmokeFree\/?page_id=270"},"modified":"2026-03-01T23:21:12","modified_gmt":"2026-03-01T20:21:12","slug":"%ce%b1%cf%81%cf%87%ce%b9%ce%ba%ce%ae","status":"publish","type":"page","link":"https:\/\/blogs.e-me.edu.gr\/hive-9oNikaias-SmokeFree\/","title":{"rendered":"Home\/\u0391\u03c1\u03c7\u03b9\u03ba\u03ae"},"content":{"rendered":"<p style=\"text-align: center\"><strong>\u00a0\u0395\u03c5\u03c1\u03c9\u03c0\u03b1\u03ca\u03ba\u03cc<\/strong> <strong>\u03ad\u03c1\u03b3\u03bf<\/strong><strong> eTwinning 2025-2026<\/strong><\/p>\n<p style=\"text-align: center\"><span style=\"font-size: 14pt\"><strong>\" Smoke-free schools! \"<\/strong><\/span><\/p>\n<p><img loading=\"lazy\" decoding=\"async\" class=\"size-medium wp-image-188 aligncenter\" src=\"https:\/\/blogs.e-me.edu.gr\/hive-9oNikaias-SmokeFree\/wp-content\/uploads\/sites\/341383\/2026\/01\/\u03bb\u03bf\u03b3\u03bf-300x272.jpg\" alt=\"\" width=\"300\" height=\"272\" srcset=\"https:\/\/blogs.e-me.edu.gr\/hive-9oNikaias-SmokeFree\/wp-content\/uploads\/sites\/341383\/2026\/01\/\u03bb\u03bf\u03b3\u03bf-300x272.jpg 300w, https:\/\/blogs.e-me.edu.gr\/hive-9oNikaias-SmokeFree\/wp-content\/uploads\/sites\/341383\/2026\/01\/\u03bb\u03bf\u03b3\u03bf.jpg 591w\" sizes=\"auto, (max-width: 300px) 100vw, 300px\" \/><\/p>\n<p><span style=\"font-size: 12pt\">\u03a4\u03bf \u00abSmoke-free schools!\u00bb \u03b5\u03af\u03bd\u03b1\u03b9 \u03ad\u03bd\u03b1 \u03c3\u03c5\u03bd\u03b5\u03c1\u03b3\u03b1\u03c4\u03b9\u03ba\u03cc \u03ad\u03c1\u03b3\u03bf eTwinning \u03c0\u03bf\u03c5 \u03c3\u03c4\u03bf\u03c7\u03b5\u03cd\u03b5\u03b9 \u03c3\u03c4\u03b7\u03bd \u03c0\u03c1\u03bf\u03ce\u03b8\u03b7\u03c3\u03b7 \u03b5\u03bd\u03cc\u03c2 \u03c5\u03b3\u03b9\u03b5\u03b9\u03bd\u03bf\u03cd \u03c4\u03c1\u03cc\u03c0\u03bf\u03c5 \u03b6\u03c9\u03ae\u03c2 \u03ba\u03b1\u03b9 \u03c4\u03b7\u03bd \u03b5\u03c5\u03b1\u03b9\u03c3\u03b8\u03b7\u03c4\u03bf\u03c0\u03bf\u03af\u03b7\u03c3\u03b7 \u03c4\u03c9\u03bd \u03bc\u03b1\u03b8\u03b7\u03c4\u03ce\u03bd\/\u03c4\u03c1\u03b9\u03ce\u03bd \u03c3\u03c7\u03b5\u03c4\u03b9\u03ba\u03ac \u03bc\u03b5 \u03c4\u03bf\u03c5\u03c2 \u03ba\u03b9\u03bd\u03b4\u03cd\u03bd\u03bf\u03c5\u03c2 \u03c4\u03bf\u03c5 \u03ba\u03b1\u03c0\u03bd\u03af\u03c3\u03bc\u03b1\u03c4\u03bf\u03c2 \u03ba\u03b1\u03b9 \u03c4\u03b7\u03c2 \u03c7\u03c1\u03ae\u03c3\u03b7\u03c2 \u03ba\u03b1\u03c0\u03bd\u03bf\u03cd \u03ba\u03b1\u03b9 \u03b7\u03bb\u03b5\u03ba\u03c4\u03c1\u03bf\u03bd\u03b9\u03ba\u03ce\u03bd \u03c4\u03c3\u03b9\u03b3\u03ac\u03c1\u03c9\u03bd.<\/span><\/p>\n<p><span style=\"font-size: 12pt\">\"Smoke-free schools!\" is a collaborative eTwinning project aimed at promoting healthy lifestyles and raising awareness among students about the dangers of smoking and tobacco and vape use.<\/span><\/p>\n<p style=\"text-align: left\"><strong style=\"font-style: inherit\"><em>\u03a3\u03c5\u03bd\u03b5\u03c1\u03b3\u03b1\u03b6\u03cc\u03bc\u03b5\u03bd\u03b1 \u03a3\u03c7\u03bf\u03bb\u03b5<\/em><\/strong><strong><em>\u03af\u03b1<\/em><em>\/<\/em>Collaborating Schools:<\/strong><\/p>\n<p style=\"text-align: left\"><span style=\"font-style: inherit;font-weight: inherit;font-size: 12pt\">\u039b\u03cd\u03ba\u03b5\u03b9\u03bf \u0393\u03b9\u03b1\u03bd\u03bd\u03ac\u03ba\u03b7 \u03a4\u03b1\u03bb\u03b9\u03ce\u03c4\u03b7 \u0393\u03b5\u03c1\u03bf\u03c3\u03ba\u03ae\u03c0\u03bf\u03c5 \u039a\u03cd\u03c0\u03c1\u03bf\u03c5 (\u03b9\u03b4\u03c1\u03c5\u03c4\u03ae\u03c2)<\/span><\/p>\n<p style=\"text-align: left\"><span style=\"font-style: inherit;font-weight: inherit;font-size: 12pt\">St\u0159edn\u00ed \u0161kola pr\u00e1vn\u00ed - Pr\u00e1vn\u00ed akademie, s.r.o. \u03a4\u03c3\u03b5\u03c7\u03af\u03b1 (\u03c3\u03c5\u03bd\u03b9\u03b4\u03c1\u03c5\u03c4\u03ae\u03c2)<\/span><\/p>\n<p style=\"text-align: left\"><span style=\"font-style: inherit;font-weight: inherit;font-size: 12pt\">\u0397\u03bc\u03b5\u03c1\u03ae\u03c3\u03b9\u03bf \u0393\u03b5\u03bd\u03b9\u03ba\u03cc \u039b\u03cd\u03ba\u03b5\u03b9\u03bf \u03a0\u03b1\u03bc\u03c6\u03af\u03bb\u03c9\u03bd \u039b\u03ad\u03c3\u03b2\u03bf\u03c5 \u0395\u03bb\u03bb\u03ac\u03b4\u03b1 (\u03bc\u03ad\u03bb\u03bf\u03c2)<\/span><\/p>\n<p style=\"text-align: left\"><span style=\"font-style: inherit;font-weight: inherit;font-size: 12pt\">9\u03bf \u0393\u03c5\u03bc\u03bd\u03ac\u03c3\u03b9\u03bf \u039d\u03af\u03ba\u03b1\u03b9\u03b1\u03c2 \u0395\u03bb\u03bb\u03ac\u03b4\u03b1 (\u03bc\u03ad\u03bb\u03bf\u03c2)<\/span><\/p>\n<p style=\"text-align: left\"><span style=\"font-style: inherit;font-weight: inherit;font-size: 12pt\">Kolegji \"Fryme Dashurie\"- \u039a\u03bf\u03bb\u03bb\u03ad\u03b3\u03b9\u03bf \"\u03a0\u03bd\u03bf\u03ae \u0391\u03b3\u03ac\u03c0\u03b7\u03c2\"\u00a0\u0391\u03bb\u03b2\u03b1\u03bd\u03af\u03b1 (\u03bc\u03ad\u03bb\u03bf\u03c2)<\/span><\/p>\n<p style=\"text-align: left\"><span style=\"font-style: inherit;font-weight: inherit;font-size: 12pt\">Coll\u00e8ge-Lyc\u00e9e Saint-Pierre, Saint Brieuc, Bretagne, \u0393\u03b1\u03bb\u03bb\u03af\u03b1 (\u03bc\u03ad\u03bb\u03bf\u03c2)<\/span><strong>\u00a0<\/strong><\/p>\n<p><strong><img loading=\"lazy\" decoding=\"async\" class=\"wp-image-377 aligncenter\" src=\"https:\/\/blogs.e-me.edu.gr\/hive-9oNikaias-SmokeFree\/wp-content\/uploads\/sites\/341383\/2026\/03\/\u0391\u03a6\u0399\u03a3\u0391-211x300.jpg\" alt=\"\" width=\"498\" height=\"708\" srcset=\"https:\/\/blogs.e-me.edu.gr\/hive-9oNikaias-SmokeFree\/wp-content\/uploads\/sites\/341383\/2026\/03\/\u0391\u03a6\u0399\u03a3\u0391-211x300.jpg 211w, https:\/\/blogs.e-me.edu.gr\/hive-9oNikaias-SmokeFree\/wp-content\/uploads\/sites\/341383\/2026\/03\/\u0391\u03a6\u0399\u03a3\u0391.jpg 560w\" sizes=\"auto, (max-width: 498px) 100vw, 498px\" \/><\/strong><\/p>\n<p>&nbsp;<\/p>\n<p style=\"text-align: center\"><strong><a href=\"https:\/\/www.canva.com\/design\/DAG_h6ZjVnY\/J_utVYF_7YHE7K3-5FURpw\/edit?utm_content=DAG_h6ZjVnY&amp;utm_campaign=designshare&amp;utm_medium=link2&amp;utm_source=sharebutton\">Our team\/\u0397 \u03bf\u03bc\u03ac\u03b4\u03b1 \u03bc\u03b1\u03c2:\u00a0<\/a><\/strong><\/p>\n<p><img loading=\"lazy\" decoding=\"async\" class=\"wp-image-300 aligncenter\" src=\"https:\/\/blogs.e-me.edu.gr\/hive-9oNikaias-SmokeFree\/wp-content\/uploads\/sites\/341383\/2026\/02\/team-Smoke-free-Scools--200x300.png\" alt=\"\" width=\"460\" height=\"690\" srcset=\"https:\/\/blogs.e-me.edu.gr\/hive-9oNikaias-SmokeFree\/wp-content\/uploads\/sites\/341383\/2026\/02\/team-Smoke-free-Scools--200x300.png 200w, https:\/\/blogs.e-me.edu.gr\/hive-9oNikaias-SmokeFree\/wp-content\/uploads\/sites\/341383\/2026\/02\/team-Smoke-free-Scools--683x1024.png 683w, https:\/\/blogs.e-me.edu.gr\/hive-9oNikaias-SmokeFree\/wp-content\/uploads\/sites\/341383\/2026\/02\/team-Smoke-free-Scools--768x1152.png 768w, https:\/\/blogs.e-me.edu.gr\/hive-9oNikaias-SmokeFree\/wp-content\/uploads\/sites\/341383\/2026\/02\/team-Smoke-free-Scools--1024x1536.png 1024w, https:\/\/blogs.e-me.edu.gr\/hive-9oNikaias-SmokeFree\/wp-content\/uploads\/sites\/341383\/2026\/02\/team-Smoke-free-Scools-.png 1333w\" sizes=\"auto, (max-width: 460px) 100vw, 460px\" \/><\/p>\n","protected":false},"excerpt":{"rendered":"<p>\u00a0\u0395\u03c5\u03c1\u03c9\u03c0\u03b1\u03ca\u03ba\u03cc \u03ad\u03c1\u03b3\u03bf eTwinning 2025-2026 &#8221; Smoke-free schools! &#8221; \u03a4\u03bf \u00abSmoke-free schools!\u00bb \u03b5\u03af\u03bd\u03b1\u03b9 \u03ad\u03bd\u03b1 \u03c3\u03c5\u03bd\u03b5\u03c1\u03b3\u03b1\u03c4\u03b9\u03ba\u03cc \u03ad\u03c1\u03b3\u03bf eTwinning \u03c0\u03bf\u03c5 \u03c3\u03c4\u03bf\u03c7\u03b5\u03cd\u03b5\u03b9 \u03c3\u03c4\u03b7\u03bd \u03c0\u03c1\u03bf\u03ce\u03b8\u03b7\u03c3\u03b7 \u03b5\u03bd\u03cc\u03c2 \u03c5\u03b3\u03b9\u03b5\u03b9\u03bd\u03bf\u03cd \u03c4\u03c1\u03cc\u03c0\u03bf\u03c5 \u03b6\u03c9\u03ae\u03c2 \u03ba\u03b1\u03b9 \u03c4\u03b7\u03bd \u03b5\u03c5\u03b1\u03b9\u03c3\u03b8\u03b7\u03c4\u03bf\u03c0\u03bf\u03af\u03b7\u03c3\u03b7 \u03c4\u03c9\u03bd \u03bc\u03b1\u03b8\u03b7\u03c4\u03ce\u03bd\/\u03c4\u03c1\u03b9\u03ce\u03bd \u03c3\u03c7\u03b5\u03c4\u03b9\u03ba\u03ac \u03bc\u03b5 \u03c4\u03bf\u03c5\u03c2 \u03ba\u03b9\u03bd\u03b4\u03cd\u03bd\u03bf\u03c5\u03c2 \u03c4\u03bf\u03c5 \u03ba\u03b1\u03c0\u03bd\u03af\u03c3\u03bc\u03b1\u03c4\u03bf\u03c2 \u03ba\u03b1\u03b9 \u03c4\u03b7\u03c2 \u03c7\u03c1\u03ae\u03c3\u03b7\u03c2 \u03ba\u03b1\u03c0\u03bd\u03bf\u03cd \u03ba\u03b1\u03b9 \u03b7\u03bb\u03b5\u03ba\u03c4\u03c1\u03bf\u03bd\u03b9\u03ba\u03ce\u03bd \u03c4\u03c3\u03b9\u03b3\u03ac\u03c1\u03c9\u03bd. &#8220;Smoke-free schools!&#8221; is a collaborative eTwinning project aimed at promoting healthy lifestyles and &hellip; <a href=\"https:\/\/blogs.e-me.edu.gr\/hive-9oNikaias-SmokeFree\/\" class=\"more-link\">Continue reading <span class=\"screen-reader-text\">Home\/\u0391\u03c1\u03c7\u03b9\u03ba\u03ae<\/span><\/a><\/p>\n","protected":false},"author":918015,"featured_media":0,"parent":0,"menu_order":0,"comment_status":"closed","ping_status":"closed","template":"","meta":{"footnotes":""},"class_list":["post-270","page","type-page","status-publish","hentry"],"_links":{"self":[{"href":"https:\/\/blogs.e-me.edu.gr\/hive-9oNikaias-SmokeFree\/wp-json\/wp\/v2\/pages\/270","targetHints":{"allow":["GET"]}}],"collection":[{"href":"https:\/\/blogs.e-me.edu.gr\/hive-9oNikaias-SmokeFree\/wp-json\/wp\/v2\/pages"}],"about":[{"href":"https:\/\/blogs.e-me.edu.gr\/hive-9oNikaias-SmokeFree\/wp-json\/wp\/v2\/types\/page"}],"author":[{"embeddable":true,"href":"https:\/\/blogs.e-me.edu.gr\/hive-9oNikaias-SmokeFree\/wp-json\/wp\/v2\/users\/918015"}],"replies":[{"embeddable":true,"href":"https:\/\/blogs.e-me.edu.gr\/hive-9oNikaias-SmokeFree\/wp-json\/wp\/v2\/comments?post=270"}],"version-history":[{"count":0,"href":"https:\/\/blogs.e-me.edu.gr\/hive-9oNikaias-SmokeFree\/wp-json\/wp\/v2\/pages\/270\/revisions"}],"wp:attachment":[{"href":"https:\/\/blogs.e-me.edu.gr\/hive-9oNikaias-SmokeFree\/wp-json\/wp\/v2\/media?parent=270"}],"curies":[{"name":"wp","href":"https:\/\/api.w.org\/{rel}","templated":true}]}}